?
52
Calculate the remainder when 1945 is divided by 21.
13
What is the remainder when 238 is divided by 100?
38
Calculate the remainder when 330 is divided by 93.
51
What is the remainder when 85 is divided by 25?
10
What is the remainder when 393 is divided by 177?
39
What is the remainder when 133 is divided by 54?
25
Calculate the remainder when 311 is divided by 52.
51
What is the remainder when 4977 is divided by 13?
11
What is the remainder when 91 is divided by 40?
11
What is the remainder when 223 is divided by 96?
31
What is the remainder when 24765 is divided by 61?
60
Calculate the remainder when 171 is divided by 92.
79
Calculate the remainder when 908 is divided by 10.
8
What is the remainder when 129 is divided by 28?
17
Calculate the remainder when 93 is divided by 33.
27
What is the remainder when 597 is divided by 84?
9
Calculate the remainder when 695 is divided by 12.
11
What is the remainder when 594 is divided by 309?
285
Calculate the remainder when 152 is divided by 39.
35
Calculate the remainder when 448 is divided by 37.
4
What is the remainder when 370 is divided by 44?
18
What is the remainder when 255 is divided by 43?
40
What is the remainder when 130 is divided by 49?
32
Calculate the remainder when 2175 is divided by 16.
15
What is the remainder when 62 is divided by 60?
2
Calculate the remainder when 944 is divided by 38.
32
What is the remainder when 219 is divided by 57?
48
What is the remainder when 1657 is divided by 820?
17
What is the remainder when 318 is divided by 80?
78
Calculate the remainder when 809 is divided by 9.
8
What is the remainder when 29 is divided by 4?
1
What is the remainder when 94 is divided by 4?
2
What is the remainder when 2685 is divided by 7?
4
Calculate the remainder when 95 is divided by 7.
4
What is the remainder when 1009 is divided by 10?
9
Calculate the remainder when 10462 is divided by 52.
10
What is the remainder when 2474 is divided by 8?
2
What is the remainder when 364 is divided by 41?
36
What is the remainder when 360 is divided by 51?
3
What is the remainder when 227 is divided by 15?
2
What is the remainder when 90 is divided by 13?
12
Calculate the remainder when 81 is divided by 23.
12
Calculate the remainder when 1480 is divided by 87.
1
What is the remainder when 7039 is divided by 87?
79
Calculate the remainder when 393 is divided by 6.
3
Calculate the remainder when 5651 is divided by 6.
5
Calculate the remainder when 791 is divided by 67.
54
Calculate the remainder when 371 is divided by 37.
1
Calculate the remainder when 84 is divided by 25.
9
Calculate the remainder when 893 is divided by 10.
3
Calculate the remainder when 407 is divided by 102.
101
Calculate the remainder when 1121 is divided by 75.
71
What is the remainder when 164 is divided by 16?
4
What is the remainder when 1016 is divided by 113?
112
What is the remainder when 165 is divided by 6?
3
What is the remainder when 909 is divided by 70?
69
What is the remainder when 383 is divided by 64?
63
What is the remainder when 831 is divided by 84?
75
Calculate the remainder when 62 is divided by 19.
5
Calculate the remainder when 1 is divided by 1.
0
Calculate the remainder when 4733 is divided by 74.
71
What is the remainder when 518 is divided by 169?
11
Calculate the remainder when 12597 is divided by 42.
39
What is the remainder when 1510 is divided by 138?
130
Calculate the remainder when 7467 is divided by 90.
87
Calculate the remainder when 1005 is divided by 903.
102
Calculate the remainder when 243 is divided by 225.
18
Calculate the remainder when 28 is divided by 12.
4
Calculate the remainder when 346 is divided by 118.
110
Calculate the remainder when 112 is divided by 69.
43
Calculate the remainder when 250 is divided by 35.
5
What is the remainder when 214 is divided by 8?
6
Calculate the remainder when 270 is divided by 184.
86
What is the remainder when 330 is divided by 327?
3
Calculate the remainder when 349 is divided by 50.
49
What is the remainder when 124 is divided by 65?
59
Calculate the remainder when 261 is divided by 18.
9
Calculate the remainder when 2064 is divided by 22.
18
What is the remainder when 2832 is divided by 27?
24
Calculate the remainder when 1399 is divided by 70.
69
What is the remainder when 8726 is divided by 18?
14
Calculate the remainder when 378 is divided by 52.
14
Calculate the remainder when 2155 is divided by 28.
27
Calculate the remainder when 1809 is divided by 449.
13
Calculate the remainder when 41 is divided by 10.
1
What is the remainder when 3451 is divided by 215?
11
What is the remainder when 1382 is divided by 21?
17
What is the remainder when 607 is divided by 8?
7
What is the remainder when 66 is divided by 37?
29
What is the remainder when 69 is divided by 18?
15
What is the remainder when 1052 is divided by 39?
38
What is the remainder when 1875 is divided by 134?
133
What is the remainder when 22285 is divided by 112?
109
What is the remainder when 16 is divided by 3?
1
Calculate the remainder when 396 is divided by 194.
8
Calculate the remainder when 4774 is divided by 199.
197
Calculate the remainder when 53 is divided by 9.
8
Calculate the remainder when 2109 is divided by 44.
41
Calculate the remainder when 1290 is divided by 109.
91
Calculate the remainder when 490 is divided by 126.
112
What is the remainder when 6168 is divided by 187?
184
What is the remainder when 227 is divided by 69?
20
Calculate the remainder when 974 is divided by 95.
24
Calculate the remainder when 3621 is divided by 25.
21
What is the remainder when 412 is divided by 42?
34
What is the remainder when 307 is divided by 63?
55
What is the remainder when 23144 is divided by 326?
324
What is the remainder when 722 is divided by 14?
8
What is the remainder when 46 is divided by 17?
12
What is the remainder when 133 is divided by 8?
5
What is the remainder when 619 is divided by 16?
11
Calculate the remainder when 1656 is divided by 22.
6
Calculate the remainder when 60 is divided by 45.
15
What is the remainder when 472 is divided by 19?
16
Calculate the remainder when 556 is divided by 93.
91
What is the remainder when 97 is divided by 34?
29
Calculate the remainder when 2181 is divided by 130.
101
Calculate the remainder when 288 is divided by 3.
0
Calculate the remainder when 1923 is divided by 52.
51
What is the remainder when 1255 is divided by 74?
71
Calculate the remainder when 432 is divided by 31.
29
What is the remainder when 37 is divided by 19?
18
What is the remainder when 1405 is divided by 171?
37
What is the remainder when 147 is divided by 50?
47
Calculate the remainder when 979 is divided by 201.
175
Calculate the remainder when 489 is divided by 124.
117
Calculate the remainder when 1718 is divided by 172.
170
Calculate the remainder when 9 is divided by 4.
1
What is the remainder when 32 is divided by 21?
11
Calculate the remainder when 322 is divided by 12.
10
Calculate the remainder when 197 is divided by 18.
17
What is the remainder when 904 is divided by 26?
20
What is the remainder when 4714 is divided by 24?
10
Calculate the remainder when 863 is divided by 10.
3
Calculate the remainder when 22 is divided by 4.
2
Calculate the remainder when 1339 is divided by 11.
8
Calculate the remainder when 223 is divided by 72.
7
Calculate the remainder when 104 is divided by 36.
32
What is the remainder when 76 is divided by 35?
6
Calculate the remainder when 1541 is divided by 36.
29
What is the remainder when 210 is divided by 7?
0
What is the remainder when 2348 is divided by 9?
8
Calculate the remainder when 203 is divided by 32.
11
What is the remainder when 779 is divided by 10?
9
Calculate the remainder when 7137 is divided by 166.
165
What is the remainder when 2708 is divided by 129?
128
What is the remainder when 2234 is divided by 321?
308
Calculate the remainder when 265 is divided by 125.
15
Calculate the remainder when 387 is divided by 65.
62
What is the remainder when 9790 is divided by 34?
32
What is the remainder when 549 is divided by 147?
108
What is the remainder when 977 is divided by 35?
32
What is the remainder when 612 is divided by 47?
1
What is the remainder when 1066 is divided by 179?
171
What is the rem